 11000?
100001
In base 13, what is 24 - -15?
39
In base 4, what is 23 + -21?
2
In base 16, what is -1 + 6a?
69
In base 10, what is -64 - -10?
-54
In base 3, what is -100 - -220?
120
In base 13, what is 0 + -12b8?
-12b8
In base 10, what is -43 + 121?
78
In base 6, what is -404 - 1?
-405
In base 10, what is 115 - -2?
117
In base 11, what is 2 + -10?
-9
In base 14, what is -4 - 19?
-1d
In base 4, what is 112330 - 0?
112330
In base 10, what is 85 - -3?
88
In base 3, what is -1121110 - -2?
-1121101
In base 2, what is -100 - -1011000?
1010100
In base 3, what is -2 + 1121201?
1121122
In base 15, what is -2c + -6c?
-99
In base 7, what is 20 + -1423?
-1403
In base 7, what is 0 - 100?
-100
In base 6, what is 4 + -135?
-131
In base 9, what is 104 - 5?
88
In base 5, what is -3 + 310?
302
In base 13, what is 9 + -6?
3
In base 9, what is 62 + 3?
65
In base 12, what is 4b - -6?
55
In base 13, what is -1 - -567?
566
In base 16, what is -27 + 7?
-20
In base 11, what is -226 - 0?
-226
In base 7, what is -2 - -2564?
2562
In base 10, what is -53 + -3?
-56
In base 14, what is -39 - 2?
-3b
In base 8, what is 6 + -131?
-123
In base 2, what is 110 + 1000?
1110
In base 9, what is 8 - 3?
5
In base 6, what is 2 + -201?
-155
In base 16, what is 3 + -2a?
-27
In base 9, what is -645 + -16?
-662
In base 8, what is 0 + -4637?
-4637
In base 10, what is 1981 - 1?
1980
In base 2, what is 101010110 + -1?
101010101
In base 5, what is 4 - -1111?
1120
In base 12, what is b + 313?
322
In base 6, what is 1512 - -2?
1514
In base 11, what is 2 - 36?
-34
In base 4, what is -223 - 332?
-1221
In base 3, what is -12001 + 12?
-11212
In base 13, what is 37c + 17?
396
In base 12, what is 3 - 27?
-24
In base 4, what is -30 - -220?
130
In base 5, what is -4012 - 3?
-4020
In base 9, what is -2 + 131?
128
In base 2, what is -111111000 - 101?
-111111101
In base 2, what is -111101 + 100011?
-11010
In base 7, what is 0 + 2266?
2266
In base 10, what is -1 + 259?
258
In base 16, what is -16f + -e?
-17d
In base 7, what is -25 + 1635?
1610
In base 14, what is 0 + d53?
d53
In base 2, what is 11010001 + -1?
11010000
In base 3, what is 11021 + -11?
11010
In base 12, what is -39 + -61?
-9a
In base 5, what is 10 + 2420?
2430
In base 10, what is 257 + 1?
258
In base 2, what is -11 - 1110010100?
-1110010111
In base 11, what is -18 - 17?
-34
In base 4, what is -32 - 10120?
-10212
In base 9, what is -242 - 16?
-258
In base 7, what is -3 - 261?
-264
In base 13, what is 5038 - 1?
5037
In base 13, what is 80a + -4?
806
In base 12, what is -2b - -7?
-24
In base 4, what is -22 + -110?
-132
In base 14, what is 0 + -5?
-5
In base 12, what is 3 + 16b?
172
In base 15, what is 4 - 775?
-771
In base 14, what is -26 - 20?
-46
In base 12, what is 5 - 21?
-18
In base 10, what is -878 + 5?
-873
In base 14, what is -7 + -95?
-9c
In base 13, what is -5b + -3?
-61
In base 9, what is 3500 + -2?
3487
In base 8, what is 46 - 15?
31
In base 4, what is -10 + -1030203?
-1030213
In base 6, what is 11154 - 0?
11154
In base 2, what is 1001001000 + -11?
1001000101
In base 8, what is -511 - -4?
-505
In base 14, what is 4 - 210?
-20a
In base 11, what is 15 - 1a?
-5
In base 3, what is 21 - -121?
212
In base 6, what is 21522 - 5?
21513
In base 2, what is -1 - 10000010?
-10000011
In base 6, what is 24251 + -5?
24242
In base 16, what is -7 + 8b?
84
In base 12, what is -25 - -26?
1
In base 10, what is -365 - 3?
-368
In base 6, what is 20 - 325?
-305
In base 8, what is 4 + -1410?
-1404
In base 11, what is -73 + 76?
3
In base 5, what is -142 - 4?
-201
In base 4, what is -1201 - 2230?
-10031
In base 8, what is -1416 + -3?
-1421
In base 11, what is -3 + -40?
-43
In base 12, what is 16 + -a7?
-91
In base 8, what is -4 - 3122?
-3126
In base 9, what is 846 + -10?
836
In base 12, what is -56 + -2?
-58
In base 4, what is -2310 - -221?
-2023
In base 13, what is -182 + -2?
-184
In base 3, what is -1 - -220221?
220220
In base 15, what is 8 - -379?
382
In base 12, what is -3 - -2a?
27
In base 16, what is e9 - 20?
c9
In base 8, what is 1 - -700?
701
In base 12, what is 8 + 17?
23
In base 3, what is -101 + -10111000?
-10111101
In base 15, what is 1 - -79?
7a
In base 9, what is 4 + 21?
25
In base 2, what is -1111 + 1011?
-100
In base 6, what is -1411 + 1?
-1410
In base 2, what is -1011000 + 1111?
-1001001
In base 7, what is -4 - -1346?
1342
In base 3, what is -2 + 10122?
10120
In base 3, what is 0 + 2002?
2002
In base 9, what is -2 - 6257?
-6260
In base 9, what is 4 + 171?
175
In base 14, what is -5 + -a1?
-a6
In base 7, what is 0 - -16?
16
In base 7, what is -5 - -250?
242
In base 13, what is 13 + 54?
67
In base 10, what is 0 + -330?
-330
In base 8, what is 44 - -75?
141
In base 7, what is -531 - 111?
-642
In base 14, what is d26 + 1?
d27
In base 12, what is -2a2 + -3?
-2a5
In base 15, what is 1 - -3d3?
3d4
In base 8, what is 107 + -6?
101
In base 8, what is 104 + 0?
104
In base 13, what is -536 + -4?
-53a
In base 15, what is 1d - -17?
35
In base 4, what is -2 + -220?
-222
In base 8, what is -13526 + 2?
-13524
In base 6, what is 105 + -114?
-5
In base 2, what is -1100 - 10?
-1110
In base 16, what is -1 - -393?
392
In base 6, what is 4 + -34?
-30
In base 9, what is 20 + 0?
20
In base 16, what is 4 - -be?
c2
In base 10, what is -5 + -5929?
-5934
In base 16, what is ce - 10?
be
In base 14, what is -7 + -1162?
-1169
In base 16, what is 5 + 85?
8a
In base 4, what is 11 + -30232?
-30221
In base 2, what is -110111111 - -1011?
-110110100
In base 3, what is -11012 + 1022?
-2220
In base 13, what is ab - -1c?
ca
In base 3, what is -11002 - 0?
-11002
In base 11, what is 11985 + 3?
11988
In base 8, what is 4 - 2544?
-2540
In base 3, what is -210122 + -11?
-210210
In base 14, what is c - 16?
-8
In base 8, what is 1 + -1330?
-1327
In base 5, what is -24341 - 3?
-24344
In base 5, what is -312 + -10?
-322
In base 6, what is -1530 + 5?
-1521
In base 10, what is 5 + 856?
861
In base 2, what is 11010 - 1001000?
-101110
In base 4, what is 100031 - -11?
100102
In base 9, what is -2546 - 14?
-2561
In base 15, what is 286 - 3?
283
In base 3, what is 1011222 - 101?
1011121
In base 3, what is 122 + -100112?
-22220
In base 13, what is -2 + -61?
-63
In base 15, what is -191 + -4?
-195
In base 11, what is -7 + -58?
-64
In base 3, what is 0 - 1211221?
-1211221
In base 11, what is 1 - -311?
312
In base 2, what is -11000100 - -11?
-11000001
In base 16, what is -2 + e75?
e73
In base 13, what is b + -1?
a
In base 5, what is -103 + 11422?
11314
In base 4, what is -2230 - -2?
-2222
In base 7, what is -54 - 133?
-220
In base 5, what is -432 - -13?
-414
In base 6, what is -252 + 5?
-243
In base 2, what is -100 - -11001010011?
11001001111
In base 10, what is -24 + -29?
-53
In base 9, what is 10 - 660?
-650
In base 4, what is 2 - -201?
203
In base 8, what is 1613 + 5?
1620
In base 14, what is 11 - 15b?
-14a
In base 8, what is 15 - -150?
165
In base 11, what is 9 - -8?
16
In base 11, what is 0 - -11?
11
In base 4, what is -32 - 1?
-33
In base 5, what is -10 - 440?
-1000
In base 9, what is 777 + -1?
776
In base 2, what is 101 + -110010011?
-110001110
In base 7, what is 2 + 121?
123
In base 15, what is 402 + 9?
40b
In base 6, what is 25211 - 4?
25203
In base 3, what is -21 + -2100000?
-2100021
In base 2, what is -1000011 - -10?
-1000001
In base 11, what is 0 + -13?
-13
In base 7, what is 25212 - 1?
25211
In base 4, what is 23012 + -12?
23000
In base 6, what is 5 + 134?
143
In base 12, what is -351 + -1?
-352
In base 3, what is 2 - 10120?
-10111
In base 3, what is -2011 + -12?
-2100
In base 10, what is -2280 + -2?
-2282
In base 7, what is 2 - 4356?
-4354
In base 16, what is 16 + -bc?
-a6
In base 14, what is 4 + -6?
-2
In base 15, what is -e + 3e?
30
In base 12, what is 0 + -11?
-11
In base 13, what is 38 + 2?
3a
In base 2, what is 10101 - 111110?
-101001
In base 16, what is -3b + 0?
-3b
In base 13, what is -2 + -60?
-62
In base 15, what is -d - 2c1?
-2ce
In base 8, what is -14 + -46?
-62
In base 16, what is -c2 - -4?
-be
In base 11, what is 64 + -1?
63
In base 10, what is -61 + 7?
-54
In base 2, what is 1101001 + -10?
1100111
In base 12, what is 4bb + 2?
501
In base 15, what is 3 + 1e?
22
In base 7, what is -4 - -64?
60
In base 7, what is -31040 + 2?
-31035
In base 13, what is -1c + -4c?
-6b
In base